of 161106149?
1
What is the units digit of 613157070?
0
What is the millions digit of 1138760461?
8
What is the ten thousands digit of 3764080560?
8
What is the hundred millions digit of 103670422?
1
What is the hundreds digit of 11278044?
0
What is the ten thousands digit of 8962732?
6
What is the millions digit of 3839460941?
9
What is the ten millions digit of 179274500?
7
What is the hundred thousands digit of 1114871024?
8
What is the hundreds digit of 7046169478?
4
What is the thousands digit of 905315001?
5
What is the units digit of 1059487928?
8
What is the thousands digit of 70167322?
7
What is the ten millions digit of 18486641?
1
What is the millions digit of 2426936885?
6
What is the hundred thousands digit of 148381259?
3
What is the hundred thousands digit of 2004431060?
4
What is the units digit of 8107974?
4
What is the thousands digit of 108686051?
6
What is the units digit of 55638133?
3
What is the hundreds digit of 59169610?
6
What is the millions digit of 57299227?
7
What is the ten thousands digit of 59273266?
7
What is the units digit of 322744707?
7
What is the hundred thousands digit of 3902507747?
5
What is the ten thousands digit of 282885784?
8
What is the ten thousands digit of 213818361?
1
What is the hundreds digit of 1634370210?
2
What is the tens digit of 820646700?
0
What is the thousands digit of 4212581?
2
What is the thousands digit of 2884609063?
9
What is the units digit of 6792434?
4
What is the thousands digit of 37026136?
6
What is the units digit of 2024197943?
3
What is the units digit of 3809489452?
2
What is the hundreds digit of 12588965?
9
What is the hundred thousands digit of 69209152?
2
What is the hundreds digit of 7609723?
7
What is the thousands digit of 174771508?
1
What is the millions digit of 117587809?
7
What is the hundred millions digit of 3630619964?
6
What is the ten thousands digit of 507093525?
9
What is the thousands digit of 1840744934?
4
What is the millions digit of 264962461?
4
What is the ten thousands digit of 286645560?
4
What is the thousands digit of 1379855164?
5
What is the billions digit of 1131181441?
1
What is the ten thousands digit of 62387152?
8
What is the hundreds digit of 1359990220?
2
What is the hundred thousands digit of 79721290?
7
What is the tens digit of 222668564?
6
What is the ten thousands digit of 111959933?
5
What is the tens digit of 88601309?
0
What is the hundreds digit of 228209223?
2
What is the hundreds digit of 19695424?
4
What is the thousands digit of 3258462509?
2
What is the millions digit of 79853620?
9
What is the units digit of 1252005606?
6
What is the hundred thousands digit of 1444329117?
3
What is the hundreds digit of 886343131?
1
What is the hundred thousands digit of 138619132?
6
What is the ten millions digit of 56556266?
5
What is the ten millions digit of 127197722?
2
What is the hundreds digit of 17788515?
5
What is the ten thousands digit of 2139732?
3
What is the units digit of 39945685?
5
What is the millions digit of 602340302?
2
What is the millions digit of 103172041?
3
What is the hundred thousands digit of 9627738?
6
What is the hundreds digit of 1378289993?
9
What is the ten thousands digit of 8524876?
2
What is the hundred thousands digit of 651645997?
6
What is the hundred thousands digit of 6591269800?
2
What is the ten millions digit of 402166331?
0
What is the ten thousands digit of 2031998330?
9
What is the hundreds digit of 1198322278?
2
What is the ten millions digit of 19641738?
1
What is the millions digit of 92188246?
2
What is the hundred millions digit of 383048488?
3
What is the ten thousands digit of 469269?
6
What is the thousands digit of 185120743?
0
What is the hundred thousands digit of 148980501?
9
What is the hundreds digit of 558233278?
2
What is the units digit of 1787432484?
4
What is the thousands digit of 9525090?
5
What is the hundred millions digit of 578836652?
5
What is the tens digit of 5991010?
1
What is the tens digit of 83018514?
1
What is the units digit of 4128145545?
5
What is the hundred millions digit of 1410189625?
4
What is the tens digit of 224750070?
7
What is the ten thousands digit of 799306790?
0
What is the tens digit of 536527985?
8
What is the ten millions digit of 69149084?
6
What is the units digit of 33995829?
9
What is the tens digit of 4546425325?
2
What is the millions digit of 216549639?
6
What is the thousands digit of 300439110?
9
What is the thousands digit of 1026640005?
0
What is the ten thousands digit of 8544547?
4
What is the tens digit of 48076889?
8
What is the thousands digit of 11893685?
3
What is the units digit of 1780952903?
3
What is the hundred millions digit of 1286719001?
2
What is the thousands digit of 99840090?
0
What is the units digit of 752596283?
3
What is the hundred thousands digit of 473189908?
1
What is the ten thousands digit of 37676703?
7
What is the ten thousands digit of 583112476?
1
What is the hundred thousands digit of 955316812?
3
What is the tens digit of 80085618?
1
What is the millions digit of 73270471?
3
What is the hundred thousands digit of 58722519?
7
What is the millions digit of 141447336?
1
What is the billions digit of 3012300072?
3
What is the ten thousands digit of 16561720?
6
What is the millions digit of 15238829?
5
What is the tens digit of 2106186101?
0
What is the ten thousands digit of 759914681?
1
What is the units digit of 626673749?
9
What is the tens digit of 381606746?
4
What is the tens digit of 341012428?
2
What is the ten millions digit of 1353709380?
5
What is the millions digit of 58511894?
8
What is the units digit of 1287775362?
2
What is the tens digit of 2059538133?
3
What is the hundred thousands digit of 414593565?
5
What is the hundred thousands digit of 27082493?
0
What is the millions digit of 632034109?
2
What is the thousands digit of 359060968?
0
What is the ten millions digit of 1316349460?
1
What is the hundred thousands digit of 2849638819?
6
What is the thousands digit of 441344145?
4
What is the thousands digit of 828225512?
5
What is the ten millions digit of 5114614391?
1
What is the hundred thousands digit of 136246063?
2
What is the hundred thousands digit of 219344201?
3
What is the tens digit of 50264957?
5
What is the hundred millions digit of 271637834?
2
What is the thousands digit of 5752716643?
6
What is the units digit of 361522569?
9
What is the hundred thousands digit of 136104058?
1
What is the tens digit of 2168218809?
0
What is the tens digit of 666195635?
3
What is the millions digit of 73244430?
3
What is the tens digit of 36319068?
6
What is the millions digit of 48838081?
8
What is the billions digit of 5413402420?
5
What is the tens digit of 4300305930?
3
What is the hundreds digit of 487358823?
8
What is the hundreds digit of 79171442?
4
What is the billions digit of 2428035829?
2
What is the hundred millions digit of 3246302208?
2
What is the tens digit of 67479601?
0
What is the units digit of 3275730910?
0
What is the hundred thousands digit of 1198885177?
8
What is the hundreds digit of 3173158284?
2
What is the ten thousands digit of 20568428?
6
What is the ten millions digit of 107106425?
0
What is the hundred thousands digit of 109040248?
0
What is the tens digit of 183504214?
1
What is the hundred millions digit of 335650670?
3
What is the ten thousands digit of 201698951?
9
What is the billions digit of 9906105992?
9
What is the ten millions digit of 1564929029?
6
What is the ten millions digit of 47618399?
4
What is the hundred millions digit of 720234767?
7
What is the ten thousands digit of 2170714388?
1
What is the hundred thousands digit of 137680083?
6
What is the thousands digit of 20533592?
3
What is the hundred thousands digit of 2924437272?
4
What is the billions digit of 6147692319?
6
What is the hundred millions digit of 100619096?
1
What is the thousands digit of 171595534?
5
What is the ten thousands digit of 655323749?
2
What is the tens digit of 240775362?
6
What is the units digit of 17927957?
7
What is the hundreds digit of 2845766960?
9
What is the hundred millions digit of 2036991817?
0
What is the ten thousands digit of 1103814502?
1
What is the millions digit of 970665034?
0
What is the billions digit of 2009979492